uppose t - 35 - 14 = -5*k, -4*t - 34 = -3*k. Let u be k/(-4)*(-1 + -1). Let r = u - 0. What are the prime factors of r?
5
Let k be 1 + (-2)/(0 - -2). Suppose -110 = -5*l - k*l. Suppose -13 = -5*t + l. What are the prime factors of t?
7
Suppose 10 = -5*b + 4*u, 5*b + 15 = -5*u + 50. Suppose -b*j - 4*q = 3*j - 141, 1 = -q. List the prime factors of j.
29
Suppose 0 = -2*c - 0*c + 32. Suppose -2*n = -n - c. What are the prime factors of n?
2
Let o = -35 - -15. Suppose -3*v = -0*v - 99. Let z = o + v. What are the prime factors of z?
13
Suppose 35 = 5*b + 4*n, -4*b = -5*n + 4*n - 7. Suppose -z + b*l + 0*l + 2 = 0, 3*z - 5*l = -2. List the prime factors of (-51)/(-15) - z/(-10).
3
Let s(q) = q**3 - 4*q**2 - 3*q - 7. Let a be s(5). Suppose -2*l + a*l + 5 = 5*u, 4*l - 85 = -u. List the prime factors of l.
2, 5
Let v(c) = c**2 - 3*c + 2. Let x be v(3). Suppose -3*d - d + 2*f = -34, -3*d - x*f = -8. List the prime factors of d.
2, 3
Let i = -3 + -19. Let o = -36 - i. What are the prime factors of (o/(-5) - -2)*5?
2, 3
Suppose i + 0*i = 4, 0 = 2*y - i - 22. List the prime factors of y.
13
Let w = -68 - -96. Suppose 0 = -5*t + t + w. What are the prime factors of t?
7
Let m(j) = j**2 + 12*j - 8. Let p be m(-13). Let w(d) = -d**3 + 6*d**2 - 2*d - 6. List the prime factors of w(p).
3
Suppose p + 8 = 4*p - 2*l, -5*p + 2*l + 12 = 0. List the prime factors of p/(6/39)*1.
13
Let w = -9 - -9. Suppose d - 2*d + 40 = w. Let p = -21 + d. List the prime factors of p.
19
Let m(c) = c - 1. Let p be m(0). Let g be p*(-1)/3*0. Suppose g = s + 3*s - 28. List the prime factors of s.
7
Suppose 27 = b - 38. What are the prime factors of b?
5, 13
What are the prime factors of -1 + 50 + 9 + -9?
7
Suppose 3*o + 0*r = -5*r + 34, 5*o - 4*r + 5 = 0. Let a(t) = -t**2 + 7*t - 3. List the prime factors of a(o).
3
Suppose -4*p + 14 = -2*b, 0 = -2*b + 5*p - 10 - 9. List the prime factors of b.
3
Let j(r) = -r**2 + 6*r + 4. Let i be j(6). Suppose 5*u = 0, -i*u = -2*g + u + 4. Suppose g*m + m + t - 36 = 0, 2*m = 4*t + 24. What are the prime factors of m?
2, 3
Suppose 5*j = 245 + 30. Suppose j = -3*u + 8*u. List the prime factors of u.
11
Let k be 16/9 - (-4)/18. Suppose u + 5*m - 17 = -3*u, 5*m = k*u + 29. List the prime factors of u*(-2 - 2)*1.
2
Suppose 3*i + i - 16 = 0. Suppose -i*g + 179 = 3*u, -2*u - u = -5*g + 217. What are the prime factors of g?
2, 11
Let r = 4 - -6. Let m = r - 0. List the prime factors of m.
2, 5
Let x(y) be the third derivative of -y**6/15 + y**5/30 - y**3/6 - y**2. Let f be x(1). Let b = 19 + f. List the prime factors of b.
2, 3
Let d(o) = -o + 1. Let j be d(-3). Suppose -j*v = -0*v - 32. What are the prime factors of v?
2
Suppose 4 = -2*l - 0. Let g = 7 - l. List the prime factors of g.
3
Let r(z) = -13*z - 3. Let m be r(-5). Suppose t + 9 - m = -3*c, c + 3*t - 7 = 0. What are the prime factors of c?
19
Suppose -1336 = -4*j - 4*z, 1352 = 5*j - 5*z - 308. What are the prime factors of j?
3, 37
Let k(w) = -w**2 - w + 5. What are the prime factors of k(0)?
5
Let y(d) = 6*d + 1 + 2*d**2 - 6*d. Let z(c) = -c**3 - 9*c**2 - 8*c - 1. Let w be z(-8). What are the prime factors of y(w)?
3
Suppose -2*q + 14 = 2*s - 4*s, 2*s = 4*q - 24. Suppose 0*b - q*b = 10. What are the prime factors of b*(-3)/(-5)*-5?
2, 3
Suppose 10 = 3*n + 1. Let h = n - -7. What are the prime factors of h?
2, 5
Let u = 11 - 8. Suppose 3*g - 2*g = u. Suppose 4*m + 2*v - 6 = 2*m, -5*m + g*v = -15. What are the prime factors of m?
3
Suppose -356 = 3*m - 5*m. What are the prime factors of m?
2, 89
Let x(a) = 13*a + 1. Let k be x(-1). Let j = k + 22. What are the prime factors of j?
2, 5
What are the prime factors of 17/68 + 182/8?
23
Let z = -89 + 145. List the prime factors of z.
2, 7
Let b = -367 + 514. Suppose -4*z = -w - 2*w + b, -2*w + 81 = 3*z. List the prime factors of w.
3, 5
Let d be (-2 + -3*2)/(-2). Suppose 0 = -d*n + 3*f + 69, -4*n = -2*n + 5*f - 15. What are the prime factors of n?
3, 5
Let u = 78 + 0. Suppose 4*c = c + u. List the prime factors of c.
2, 13
What are the prime factors of (-10)/(-3) + (-9)/27?
3
Let s be (-2)/(-5) + 2778/30. Suppose -5*m + s = -207. Suppose 5*x + h = m, 8*h - 3*h + 12 = -x. List the prime factors of x.
13
Let r be -3 - 9/(-3) - 0. Suppose r = -5*u - 0*u - 5*o + 85, u - 2 = 2*o. What are the prime factors of u?
2, 3
List the prime factors of (2 + -5 + 152)*1.
149
Let u(r) = -2*r**3 - 4*r**2 - 2. Let f be u(-2). What are the prime factors of (-34)/f - (11 - 9)?
3, 5
Suppose 0 = -3*b - 3*b + 210. List the prime factors of b.
5, 7
Suppose 4*u + 103 = 5*u. List the prime factors of u.
103
Let n(x) be the third derivative of x**5/60 + x**4/8 - x**3/6 - 2*x**2. List the prime factors of n(-5).
3
Let w(y) = y**2 + 10*y + 2. Let u(s) = s**2 + 11*s + 3. Let a(p) = 3*u(p) - 4*w(p). List the prime factors of a(-4).
13
Suppose g + 50 = 2*g. Let j = 75 - g. What are the prime factors of j?
5
Suppose 4*w - 144 = w. What are the prime factors of w?
2, 3
Suppose 5*n = -49 - 41. Let c = n - -25. List the prime factors of c.
7
Suppose 0 = m - 5*p - 51, -3*p = -0*m - 4*m + 119. Let n = m + -14. What are the prime factors of n?
2, 3
Suppose 2*a - 48 = -2*a. Let t = a - 3. What are the prime factors of t?
3
List the prime factors of -2 - 189/(-3) - -3.
2
Let d(k) = k**3 + k**2. Let b be d(1). Suppose 6*m - 52 = b*m. List the prime factors of m.
13
Let r be (2/(-5))/((-2)/(-70)). Let v = r - -29. List the prime factors of v.
3, 5
Suppose 2*t + 26 = -0*t. Let u = -8 - t. What are the prime factors of u?
5
Suppose -4*m - 90 + 34 = 0. Let a be m/(-3) + (-4)/6. Suppose 2*t + b = 3*b + 10, -a*t + 23 = -b. What are the prime factors of t?
2, 3
Let s(b) be the second derivative of -b**4/12 - 5*b**3/3 - 5*b**2/2 - 3*b. Suppose -3*q + 4*q + 8 = 0. List the prime factors of s(q).
11
List the prime factors of (-4 - -107) + -3 - 5.
5, 19
Let v = 75 - -4. List the prime factors of v.
79
Suppose 14 = 2*p - 0*p. Let f = -8 - -11. Suppose f*g - o = 21, -p = -g - 4*o + 13. List the prime factors of g.
2
Suppose -27 = -3*r + z + 7, -3*r + 4*z + 37 = 0. List the prime factors of r.
11
Suppose -2 = -g - 3. Let k = g + 4. What are the prime factors of k?
3
Suppose 3*h = 2*x + 54, 9 = h + 3*x - 20. What are the prime factors of h?
2, 5
List the prime factors of ((-903)/(-6))/(4/8) - 0.
7, 43
Let i = 65 - 28. What are the prime factors of i?
37
Let w(q) = -2*q + 12. Let n be w(9). List the prime factors of (9/n)/(6/(-32)).
2
What are the prime factors of ((-122)/4)/(3/(-6))?
61
Suppose 102 - 435 = -9*w. What are the prime factors of w?
37
Let x be (-115)/25 - 2/5. Let z(k) = -3*k - 7. List the prime factors of z(x).
2
Let v = -57 - -109. List the prime factors of v.
2, 13
Suppose j + 8 = 3*d - 39, -d + 5*j + 11 = 0. Suppose 0 = -11*c + 8*c + 6. Suppose 2*p = -c*p + d. What are the prime factors of p?
2
Let a(y) = -9*y**3 + y**2 - y - 1. Suppose 16 = -4*h - 4*f, -4*h + h - 9 = 2*f. List the prime factors of a(h).
2, 5
Let g(a) be the second derivative of a**5/20 - a**4/3 + a**3/2 + 3*a**2/2 - 3*a. List the prime factors of g(3).
3
Let d(q) = -10*q**3 + 2*q**2 + 2*q + 1. Let c be d(-1). Let n = 8 - c. Let j(z) = -6*z - 3. List the prime factors of j(n).
3, 5
Suppose y = -2*y + 189. Let h = y - 35. What are the prime factors of h?
2, 7
Suppose -d = 2*w - 2*d - 518, -2*d - 262 = -w. What are the prime factors of w?
2, 3, 43
Suppose k = -l + 73, 2*l + 3*k + 2*k = 152. List the prime factors of l.
71
Suppose -2*p + 6 = -4. Suppose 0 = -p*o + 2*t - 4*t + 82, -3*o + 2*t = -46. What are the prime factors of o?
2
Let m = 19 + -7. What are the prime factors of m?
2, 3
Suppose 3*p + 19 = 208. List the prime factors of p.
3, 7
Let u(x) = -x**2 + 15*x - 22. Let m be u(10). Let w(j) = j - 6. Let l be w(6). What are the prime factors of (1 + l)/(4/m)?
7
Let y = 14 + 1. Suppose s = 52 - y. List the prime factors of s.
37
Let z(b) = 2*b**2 + 11*b. Let h be z(-11). Suppose -2*i - 2*x + h = i, 0 = 2*i - 4*x - 54. List the prime factors of i.
37
Let q(w) = -w**2 + 17*w + 7. Let u be q(10). Suppose u + 49 = 3*b. List the prime factors of b.
2, 3, 7
Suppose 0*w - 5*w = 5*u - 25, 5*u - 5*w = 5. Let d be u + -3 - 1/(-1). List the prime factors of 2*3*d/2.
3
List the prime factors of (15 + 4)/(1 - (-4)/(-8)).
2, 19
Let q